{"id":40,"date":"2020-10-11T17:58:02","date_gmt":"2020-10-11T15:58:02","guid":{"rendered":"http:\/\/gsg.cds74.org\/?page_id=40"},"modified":"2020-10-11T18:48:50","modified_gmt":"2020-10-11T16:48:50","slug":"contact","status":"publish","type":"page","link":"https:\/\/gsg.cds74.org\/accueil\/contact\/","title":{"rendered":"Contact"},"content":{"rendered":"\n<p>Pr\u00e9sident: Gilles Dubouchet<\/p>\n\n\n\n<p>06 13 13 79 37<\/p>\n\n\n\n<p>Vice-Pr\u00e9sident: Rafael Chevalier<br>Tr\u00e9sorier: Jean-Louis Roux<br>Secr\u00e9taire: Serge Fauvillon<br>Responsable mat\u00e9riel: Patrick Mugnier<\/p>\n","protected":false},"excerpt":{"rendered":"<p>Pr\u00e9sident: Gilles Dubouchet 06 13 13 79 37 Vice-Pr\u00e9sident: Rafael ChevalierTr\u00e9sorier: Jean-Louis RouxSecr\u00e9taire: Serge FauvillonResponsable mat\u00e9riel: Patrick Mugnier<\/p>\n","protected":false},"author":1,"featured_media":0,"parent":0,"menu_order":0,"comment_status":"closed","ping_status":"closed","template":"","meta":{"footnotes":""},"class_list":["post-40","page","type-page","status-publish","hentry"],"_links":{"self":[{"href":"https:\/\/gsg.cds74.org\/accueil\/wp-json\/wp\/v2\/pages\/40","targetHints":{"allow":["GET"]}}],"collection":[{"href":"https:\/\/gsg.cds74.org\/accueil\/wp-json\/wp\/v2\/pages"}],"about":[{"href":"https:\/\/gsg.cds74.org\/accueil\/wp-json\/wp\/v2\/types\/page"}],"author":[{"embeddable":true,"href":"https:\/\/gsg.cds74.org\/accueil\/wp-json\/wp\/v2\/users\/1"}],"replies":[{"embeddable":true,"href":"https:\/\/gsg.cds74.org\/accueil\/wp-json\/wp\/v2\/comments?post=40"}],"version-history":[{"count":2,"href":"https:\/\/gsg.cds74.org\/accueil\/wp-json\/wp\/v2\/pages\/40\/revisions"}],"predecessor-version":[{"id":76,"href":"https:\/\/gsg.cds74.org\/accueil\/wp-json\/wp\/v2\/pages\/40\/revisions\/76"}],"wp:attachment":[{"href":"https:\/\/gsg.cds74.org\/accueil\/wp-json\/wp\/v2\/media?parent=40"}],"curies":[{"name":"wp","href":"https:\/\/api.w.org\/{rel}","templated":true}]}}